en 119 is divided by 2/3 - (-9)/((-108)/(-424)).
11
Suppose -2*g = -4, 5*p - g + 23 = 101. What is the remainder when 621 is divided by p?
13
Let j = 151 + -47. Suppose 1911 + 370 = 173*p - 3774. What is the remainder when j is divided by p?
34
Let q(h) = 9*h**2 - 6*h + 23. Let u(g) = -8*g**2 + 7*g - 23. Let d(o) = -6*q(o) - 7*u(o). What is the remainder when 87 is divided by d(7)?
27
Let o = -2637 - -2703. Calculate the remainder when 260 is divided by o.
62
Suppose 104*q - 790 = 94*q. What is the remainder when 231 is divided by q?
73
Suppose 0 = 2*l - 5*v + 26, -585 = -3*l - 2*v - 548. Suppose -192 = -5*n + 3*d, 60 = -3*n + 5*d + 172. Calculate the remainder when n is divided by l.
4
Suppose 225 = 5*w - 14*w. Let v(l) = l**3 + 26*l**2 + 24*l + 5. What is the remainder when v(w) is divided by 11?
8
Let w(n) = n**2 + 5*n + 2. Let g be w(-6). Suppose q = 3*q - g. Suppose 2 = -f - c, 2*f + 2*c - 12 = q*c. What is the remainder when 2 is divided by f?
0
Suppose 18*j + 236 = 14*j. Let r = 65 + j. What is the remainder when 8 is divided by r?
2
Suppose 147*m - 1700 = 130*m. What is the remainder when 300 is divided by m?
0
Let g(t) = 11*t - 29. What is the remainder when g(15) is divided by 16?
8
Let c = 171 - 81. Suppose -c = -15*d + 10*d. Calculate the remainder when 68 is divided by d.
14
Let n be (-3 + 2)*9 + -2. Calculate the remainder when (-68)/n - 8/44 is divided by 4.
2
Suppose 312 = 22*d - 16*d. Let g = d - 17. What is the remainder when g is divided by 18?
17
Suppose 0 = 4*g - 4*c - 23 - 25, 3*c + 6 = 0. Let o(a) = a**3 - 11*a**2 + 14*a - 5. What is the remainder when o(g) is divided by 19?
16
Let g(u) = 3*u**2 - 8*u - 37. What is the remainder when g(-9) is divided by 9?
8
Suppose 800 = 5*o - 835. Suppose -50 = -f + 3*m + 7, m + o = 5*f. Calculate the remainder when f is divided by 34.
32
Suppose -80 = -5*j + 5*k, 5*j - 1 = 2*k + 91. Calculate the remainder when j is divided by (-4 - (-170)/45)/(34/(-459)).
2
Suppose 3*i - 6 - 3 = 0. Suppose i*l - 8 = 1. Let a = 18 - l. What is the remainder when 42 is divided by a?
12
Let n be (8/14)/(4/14). Let d = 18 + n. What is the remainder when 98 is divided by d?
18
Suppose -10*u = -108 + 8. Let l(i) be the first derivative of 28*i**3/3 + i**2/2 + 2. What is the remainder when l(1) is divided by u?
9
Suppose -9 = -f + 4. Let c(z) = -z**3 + z**2 - z + 148. Let b be c(0). Let h = b + -99. Calculate the remainder when h is divided by f.
10
Suppose -3*m = r - 332, 0 = -3*m - 4*r + 338 + 9. Suppose 111*x - m*x = 44. Calculate the remainder when 33 is divided by x.
11
Let k = 31 - -172. What is the remainder when k is divided by 9?
5
Suppose -71*r + 74*r = 99. What is the remainder when 51 is divided by r?
18
Suppose -4*f - 5 = -1. What is the remainder when (-2)/(-13) - 128/(-13) is divided by f/1*(-7 - -4)?
1
Let u(l) = -l**2 - 27*l + 299. Suppose 4*s = -5*z - 22, 5*s + 7*z = 2*z - 30. What is the remainder when (110/(-8))/(2/s) is divided by u(-35)?
17
Suppose -737*r + 344 = -729*r. Let i(s) = -s**3 + 4*s**2 + 3*s - 2. Calculate the remainder when r is divided by i(4).
3
What is the remainder when 54 is divided by 23 + (2 - 7 - -8)?
2
Let c = 62 - 54. What is the remainder when 38 is divided by c?
6
Calculate the remainder when 35 + 15/(-3) - -6 is divided by (-6)/(-33) - 152/(-11).
8
Calculate the remainder when (72/(-20))/(2/(-60)*1) is divided by 20.
8
Suppose 6*z = -31 - 17. What is the remainder when 2/(92/45 + -2) is divided by (-124)/(-10) - z/(-20)?
9
Let y(d) be the first derivative of -d**2/2 + 31*d + 50. Let i be -39*3/9*-1. What is the remainder when 34 is divided by y(i)?
16
Suppose -3*s - x = -1107 - 128, s - 415 = 3*x. Calculate the remainder when s is divided by 23.
21
Let m = -97 - -172. Suppose 4*g - 81 = -5*o, -3*o = -6*o + 4*g + 23. Calculate the remainder when m is divided by o.
10
Suppose -138 = 29*t - 52*t. Calculate the remainder when 41 is divided by t.
5
Suppose 89 = 5*a + 2*r, -2*a + 4*r + 82 = 32. Let j(f) = -f**3 - 6*f**2 + 2. What is the remainder when a is divided by j(-6)?
1
Let x(l) = l - 8. Suppose -5*f = -3*d + 114, f - 5 + 25 = 2*d. Let z = f + 29. Calculate the remainder when z is divided by x(11).
2
Let j = 521 + -424. What is the remainder when 316 is divided by j?
25
Calculate the remainder when 123 is divided by (-19 + -12)/(-1 + 0).
30
Suppose -24*f + 21 = -21*f. Calculate the remainder when 25 is divided by f.
4
Let b(x) = -9*x + 10. Let f be b(9). Let o = -17 - f. What is the remainder when o is divided by 14?
12
Let w = -1311 + 1330. Let a(z) = -51*z**3 + z**2 - z - 1. Calculate the remainder when a(-1) is divided by w.
14
Let i(a) = -28*a**3 - a**2 + 2. Suppose 5*u + 4*u + 9 = 0. Calculate the remainder when 111 is divided by i(u).
24
Let s(h) = h**3 - 14*h**2 + 27*h - 1. Calculate the remainder when 206 is divided by s(12).
31
Let k(a) = 5*a + 31. Calculate the remainder when 38 is divided by k(-5).
2
Let k be 3192 + (-1 - (1 + -2)). Suppose -3*v - k = -1050. What is the remainder when 73 is divided by 2/(-4) - v/28?
23
Let g(k) = -13*k + 3. Suppose -4*r + 79 = -p, -5*r + 5*p + 53 = -3*r. What is the remainder when g(-4) is divided by r?
17
Let q = -310 + 337. What is the remainder when 241 is divided by q?
25
Suppose 0*j = 2*j. Suppose j*v + 92 = 5*n - 3*v, 2*n = 2*v + 40. Calculate the remainder when n is divided by 11.
5
Let h = 184 + -85. Suppose 37*p - 837 = 6*p. What is the remainder when h is divided by p?
18
Suppose h + 3 = 2*h, -5*z = -5*h - 955. Calculate the remainder when z is divided by 7.
5
Let x = 444 + -405. Calculate the remainder when 816 is divided by x.
36
Suppose 2*l + 5 = 13. Suppose 5*y + 59 = 3*u, l*u - 9 = 4*y + 67. Calculate the remainder when 67 is divided by u.
13
Suppose 0 = -j - j + 16. Let v(f) = -2*f + 27. Let l be v(12). Suppose -l*q = -0*q - 63. What is the remainder when q is divided by j?
5
Suppose -r - 40 = -p - 3*r, 0 = 5*p - r - 167. Let o = p - 17. What is the remainder when -130*(3 + o/(-5)) is divided by 11?
8
Let s = -1489 - -1520. What is the remainder when s is divided by 16?
15
Suppose 30 = 2*x - 4*t, -2*x + 60 = x - t. Let j(h) = -2*h + 2. What is the remainder when x is divided by j(-3)?
5
Let y = 1056 + -960. Calculate the remainder when y is divided by 3.
0
Suppose -5*p = -4*k - 405 - 532, 0 = -4*p - 4*k + 728. Suppose 4*w - 107 = p. Calculate the remainder when w is divided by 19.
16
Suppose j + j - 134 = 0. What is the remainder when j is divided by (-14)/(-10) - 1224/(-90) - 5?
7
Let n(f) = f**2 - 4*f + 3. Let c be n(4). Let v(i) = 2*i - 12. Calculate the remainder when (-6)/(-9) - (-43)/c is divided by v(9).
3
Suppose 53*o - 51*o = 10. Suppose -o*d - w + 185 = 2*w, 5*w = -5*d + 195. What is the remainder when d is divided by 10?
4
Suppose -7*o + 1490 = 769. Calculate the remainder when 223 is divided by o.
17
Let l(d) = -9*d**3 - 3*d**2 + 2. Calculate the remainder when ((-30)/4)/((1/2)/(-1)) is divided by l(-1).
7
Suppose -8 = 13*l - 34. What is the remainder when 15 is divided by l?
1
Let k = -1514 - -1643. What is the remainder when k is divided by 68?
61
Let u(k) be the first derivative of -k**4/2 - 2*k**3/3 + 2*k**2 + 4*k + 25. What is the remainder when 138 is divided by u(-3)?
26
Let w(d) = -5*d + 32. Let j be w(6). Suppose -i + 74 = -v, -j*v = -4*i + 50 + 240. What is the remainder when i is divided by 36?
35
Suppose -41 = -3*k + 3*x + 13, -k = -4*x - 21. Let p = -564 + 567. What is the remainder when k is divided by p?
2
Let g = 507 - 270. Suppose -y = -0*y - g. Calculate the remainder when y is divided by 16.
13
Suppose 2*i + 3*i = -2*o + 178, -2 = 2*o. Calculate the remainder when 136 is divided by i.
28
Suppose 0 = 3*s - 36 - 24. Suppose 4*u = i + 2*i - 152, 0 = 2*i + u - 116. What is the remainder when i is divided by s?
16
Suppose 7*q - 312 = -235. Let y(o) be the second derivative of -o**5/20 - o**4/2 + 2*o**2 - 2*o. What is the remainder when q is divided by y(-6)?
3
Let y(f) = -3*f**2 - 46*f + 22. What is the remainder when y(-9) is divided by 11?
6
Let k(c) = 25*c + 10. Calculate the remainder when 67 is divided by k(1).
32
Let a(c) = -c**3 + 12*c**2 - 4*c - 13. Calculate the remainder when a(11) is divided by (-152)/(-7) - 14/(-49).
20
Let v be 3/(2/(42/9 - 0)). Let j(t) = t